{"id":7160,"date":"2025-03-27T15:35:15","date_gmt":"2025-03-27T13:35:15","guid":{"rendered":"https:\/\/ac.upt.ro\/en\/?post_type=ac-evenimente&#038;p=7160"},"modified":"2025-03-27T15:39:19","modified_gmt":"2025-03-27T13:39:19","slug":"zilele-carierei-editia-26","status":"publish","type":"ac-evenimente","link":"https:\/\/ac.upt.ro\/en\/evenimente\/zilele-carierei-editia-26\/","title":{"rendered":"Zilele Carierei, edi\u021bia 26"},"content":{"rendered":"<p>Zilele Carierei revin \u00een aceast\u0103 prim\u0103var\u0103, \u00een perioada 2-3 aprilie, la Cantina UPT din Complexul Studen\u021besc, eveniment organizat de Centrul de Consiliere \u0219i Orientare \u00een Carier\u0103 din UPT.<\/p>\n<p>Edi\u021bia din acest an reune\u0219te 41 de companii \u0219i 5 organiza\u021bii de stat care ofer\u0103 oportunit\u0103\u021bi de angajare \u0219i stagii de internship pentru toate domeniile de studiu.<\/p>\n<p>V\u0103 \u00eencuraj\u0103m s\u0103 face\u021bi un pas spre cariera voastr\u0103 \u0219i s\u0103 explora\u021bi op\u021biunile potrivite pentru voi, \u00een intervalul orar 10:00 &#8211; 17:00, pe parcursul ambelor zile.<\/p>\n<p>Prin prezen\u021ba la Zilele Carierei, ave\u021bi posibilitatea de a v\u0103 \u00eenscrie la Tombola CCOC, unde pute\u021bi c\u00e2\u0219tiga bilete la festivaluri renumite, precum Untold, Electric Castle, Flight Festival \u0219i Codru. De asemenea, \u00eenainte de a pleca, v\u0103 invit\u0103m s\u0103 vizita\u021bi Photo Corner-ul Zilele Carierei pentru a p\u0103stra o amintire special\u0103 de la eveniment.<\/p>\n<p>V\u0103 a\u0219tept\u0103m pe 2 \u0219i 3 aprilie, la Cantina UPT, \u00eentre orele\u00a010:00\u00a0\u0219i\u00a017:00!<\/p>\n<p>Mai multe detalii despre expozan\u021bi \u0219i eveniment se pot afla urm\u0103rindu-ne pe:<\/p>\n<p>Facebook: <a href=\"https:\/\/www.facebook.com\/ZileleCariereiUPT\/\">https:\/\/www.facebook.com\/ZileleCariereiUPT\/<\/a><\/p>\n<p>Instagram: <a href=\"https:\/\/www.instagram.com\/ccocupt\/\">https:\/\/www.instagram.com\/ccocupt\/<\/a><\/p>\n<p>LinkedIn: <a href=\"https:\/\/www.linkedin.com\/in\/ccoc-upt\/\">https:\/\/www.linkedin.com\/in\/ccoc-upt\/<\/a><\/p>\n<p>Site-ul evenimentului: <a href=\"https:\/\/www.zilelecarierei.upt.ro\/\">https:\/\/www.zilelecarierei.upt.ro\/<\/a><\/p>\n<p><img loading=\"lazy\" decoding=\"async\" class=\"alignnone wp-image-7163\" src=\"https:\/\/ac.upt.ro\/wp-content\/uploads\/2025\/03\/Companii-ZC-ed-26-300x148.jpeg\" alt=\"\" width=\"1210\" height=\"597\" srcset=\"https:\/\/ac.upt.ro\/wp-content\/uploads\/2025\/03\/Companii-ZC-ed-26-300x148.jpeg 300w, https:\/\/ac.upt.ro\/wp-content\/uploads\/2025\/03\/Companii-ZC-ed-26-1024x506.jpeg 1024w, https:\/\/ac.upt.ro\/wp-content\/uploads\/2025\/03\/Companii-ZC-ed-26-768x379.jpeg 768w, https:\/\/ac.upt.ro\/wp-content\/uploads\/2025\/03\/Companii-ZC-ed-26.jpeg 1263w\" sizes=\"auto, (max-width: 1210px) 100vw, 1210px\" \/><\/p>\n","protected":false},"excerpt":{"rendered":"<p>Zilele Carierei revin \u00een aceast\u0103 prim\u0103var\u0103, \u00een perioada 2-3 aprilie, la Cantina UPT din Complexul Studen\u021besc, eveniment organizat de Centrul [&hellip;]<\/p>\n","protected":false},"featured_media":0,"template":"","class_list":["post-7160","ac-evenimente","type-ac-evenimente","status-publish","hentry"],"acf":[],"yoast_head":"<!-- This site is optimized with the Yoast SEO plugin v25.3.1 - https:\/\/yoast.com\/wordpress\/plugins\/seo\/ -->\n<title>Zilele Carierei, edi\u021bia 26 - Facultatea de Automatic\u0103 \u0219i Calculatoare - Timi\u0219oara<\/title>\n<meta name=\"robots\" content=\"index, follow, max-snippet:-1, max-image-preview:large, max-video-preview:-1\" \/>\n<link rel=\"canonical\" href=\"https:\/\/ac.upt.ro\/en\/evenimente\/zilele-carierei-editia-26\/\" \/>\n<meta property=\"og:locale\" content=\"en_GB\" \/>\n<meta property=\"og:locale:alternate\" content=\"ro_RO\" \/>\n<meta property=\"og:type\" content=\"article\" \/>\n<meta property=\"og:title\" content=\"Zilele Carierei, edi\u021bia 26\" \/>\n<meta property=\"og:description\" content=\"Zilele Carierei revin \u00een aceast\u0103 prim\u0103var\u0103, \u00een perioada 2-3 aprilie, la Cantina UPT din Complexul Studen\u021besc, eveniment organizat de Centrul [&hellip;]\" \/>\n<meta property=\"og:url\" content=\"https:\/\/ac.upt.ro\/en\/evenimente\/zilele-carierei-editia-26\/\" \/>\n<meta property=\"og:site_name\" content=\"Facultatea de Automatic\u0103 \u0219i Calculatoare - Timi\u0219oara\" \/>\n<meta property=\"article:modified_time\" content=\"2025-03-27T13:39:19+00:00\" \/>\n<meta property=\"og:image\" content=\"https:\/\/ac.upt.ro\/wp-content\/uploads\/2025\/03\/Companii-ZC-ed-26-300x148.jpeg\" \/>\n<meta name=\"twitter:card\" content=\"summary_large_image\" \/>\n<meta name=\"twitter:label1\" content=\"Estimated reading time\" \/>\n\t<meta name=\"twitter:data1\" content=\"2 minutes\" \/>\n<script type=\"application\/ld+json\" class=\"yoast-schema-graph\">{\"@context\":\"https:\/\/schema.org\",\"@graph\":[{\"@type\":\"WebPage\",\"@id\":\"https:\/\/ac.upt.ro\/evenimente\/zilele-carierei-editia-26\/\",\"url\":\"https:\/\/ac.upt.ro\/evenimente\/zilele-carierei-editia-26\/\",\"name\":\"Zilele Carierei, edi\u021bia 26\",\"isPartOf\":{\"@id\":\"https:\/\/ac.upt.ro\/#website\"},\"primaryImageOfPage\":{\"@id\":\"https:\/\/ac.upt.ro\/evenimente\/zilele-carierei-editia-26\/#primaryimage\"},\"image\":{\"@id\":\"https:\/\/ac.upt.ro\/evenimente\/zilele-carierei-editia-26\/#primaryimage\"},\"thumbnailUrl\":\"https:\/\/ac.upt.ro\/wp-content\/uploads\/2025\/03\/Companii-ZC-ed-26-300x148.jpeg\",\"datePublished\":\"2025-03-27T13:35:15+00:00\",\"dateModified\":\"2025-03-27T13:39:19+00:00\",\"breadcrumb\":{\"@id\":\"https:\/\/ac.upt.ro\/evenimente\/zilele-carierei-editia-26\/#breadcrumb\"},\"inLanguage\":\"en-GB\",\"potentialAction\":[{\"@type\":\"ReadAction\",\"target\":[\"https:\/\/ac.upt.ro\/evenimente\/zilele-carierei-editia-26\/\"]}]},{\"@type\":\"ImageObject\",\"inLanguage\":\"en-GB\",\"@id\":\"https:\/\/ac.upt.ro\/evenimente\/zilele-carierei-editia-26\/#primaryimage\",\"url\":\"https:\/\/ac.upt.ro\/wp-content\/uploads\/2025\/03\/Companii-ZC-ed-26-300x148.jpeg\",\"contentUrl\":\"https:\/\/ac.upt.ro\/wp-content\/uploads\/2025\/03\/Companii-ZC-ed-26-300x148.jpeg\"},{\"@type\":\"BreadcrumbList\",\"@id\":\"https:\/\/ac.upt.ro\/evenimente\/zilele-carierei-editia-26\/#breadcrumb\",\"itemListElement\":[{\"@type\":\"ListItem\",\"position\":1,\"name\":\"Home\",\"item\":\"https:\/\/ac.upt.ro\/\"},{\"@type\":\"ListItem\",\"position\":2,\"name\":\"Evenimente\",\"item\":\"https:\/\/ac.upt.ro\/evenimente\/\"},{\"@type\":\"ListItem\",\"position\":3,\"name\":\"Zilele Carierei, edi\u021bia 26\"}]},{\"@type\":\"WebSite\",\"@id\":\"https:\/\/ac.upt.ro\/#website\",\"url\":\"https:\/\/ac.upt.ro\/\",\"name\":\"Facultatea de Automatic\u0103 \u0219i Calculatoare - Timi\u0219oara\",\"description\":\"Preg\u0103tirea inginerilor IT cu \u00eenalt\u0103 calificare, cu cuno\u0219tin\u021be \u0219i abilit\u0103\u021bi de automatic\u0103, software \u0219i hardware.\",\"publisher\":{\"@id\":\"https:\/\/ac.upt.ro\/#organization\"},\"potentialAction\":[{\"@type\":\"SearchAction\",\"target\":{\"@type\":\"EntryPoint\",\"urlTemplate\":\"https:\/\/ac.upt.ro\/?s={search_term_string}\"},\"query-input\":{\"@type\":\"PropertyValueSpecification\",\"valueRequired\":true,\"valueName\":\"search_term_string\"}}],\"inLanguage\":\"en-GB\"},{\"@type\":\"Organization\",\"@id\":\"https:\/\/ac.upt.ro\/#organization\",\"name\":\"Facultatea de Automatic\u0103 \u0219i Calculatoare\",\"url\":\"https:\/\/ac.upt.ro\/\",\"logo\":{\"@type\":\"ImageObject\",\"inLanguage\":\"en-GB\",\"@id\":\"https:\/\/ac.upt.ro\/#\/schema\/logo\/image\/\",\"url\":\"https:\/\/ac.upt.ro\/wp-content\/uploads\/2021\/02\/AC-Text.png\",\"contentUrl\":\"https:\/\/ac.upt.ro\/wp-content\/uploads\/2021\/02\/AC-Text.png\",\"width\":400,\"height\":98,\"caption\":\"Facultatea de Automatic\u0103 \u0219i Calculatoare\"},\"image\":{\"@id\":\"https:\/\/ac.upt.ro\/#\/schema\/logo\/image\/\"}}]}<\/script>\n<!-- \/ Yoast SEO plugin. -->","yoast_head_json":{"title":"Zilele Carierei, edi\u021bia 26 - Facultatea de Automatic\u0103 \u0219i Calculatoare - Timi\u0219oara","robots":{"index":"index","follow":"follow","max-snippet":"max-snippet:-1","max-image-preview":"max-image-preview:large","max-video-preview":"max-video-preview:-1"},"canonical":"https:\/\/ac.upt.ro\/en\/evenimente\/zilele-carierei-editia-26\/","og_locale":"en_GB","og_type":"article","og_title":"[:ro]Zilele Carierei, edi\u021bia 26[:en]Zilele Carierei, edi\u021bia 26[:] - Facultatea de Automatic\u0103 \u0219i Calculatoare - Timi\u0219oara","og_description":"Zilele Carierei revin \u00een aceast\u0103 prim\u0103var\u0103, \u00een perioada 2-3 aprilie, la Cantina UPT din Complexul Studen\u021besc, eveniment organizat de Centrul [&hellip;]","og_url":"https:\/\/ac.upt.ro\/en\/evenimente\/zilele-carierei-editia-26\/","og_site_name":"Facultatea de Automatic\u0103 \u0219i Calculatoare - Timi\u0219oara","article_modified_time":"2025-03-27T13:39:19+00:00","og_image":[{"url":"https:\/\/ac.upt.ro\/wp-content\/uploads\/2025\/03\/Companii-ZC-ed-26-300x148.jpeg","type":"","width":"","height":""}],"twitter_card":"summary_large_image","twitter_misc":{"Estimated reading time":"2 minutes"},"schema":{"@context":"https:\/\/schema.org","@graph":[{"@type":"WebPage","@id":"https:\/\/ac.upt.ro\/evenimente\/zilele-carierei-editia-26\/","url":"https:\/\/ac.upt.ro\/evenimente\/zilele-carierei-editia-26\/","name":"Zilele Carierei, edi\u021bia 26","isPartOf":{"@id":"https:\/\/ac.upt.ro\/#website"},"primaryImageOfPage":{"@id":"https:\/\/ac.upt.ro\/evenimente\/zilele-carierei-editia-26\/#primaryimage"},"image":{"@id":"https:\/\/ac.upt.ro\/evenimente\/zilele-carierei-editia-26\/#primaryimage"},"thumbnailUrl":"https:\/\/ac.upt.ro\/wp-content\/uploads\/2025\/03\/Companii-ZC-ed-26-300x148.jpeg","datePublished":"2025-03-27T13:35:15+00:00","dateModified":"2025-03-27T13:39:19+00:00","breadcrumb":{"@id":"https:\/\/ac.upt.ro\/evenimente\/zilele-carierei-editia-26\/#breadcrumb"},"inLanguage":"en-GB","potentialAction":[{"@type":"ReadAction","target":["https:\/\/ac.upt.ro\/evenimente\/zilele-carierei-editia-26\/"]}]},{"@type":"ImageObject","inLanguage":"en-GB","@id":"https:\/\/ac.upt.ro\/evenimente\/zilele-carierei-editia-26\/#primaryimage","url":"https:\/\/ac.upt.ro\/wp-content\/uploads\/2025\/03\/Companii-ZC-ed-26-300x148.jpeg","contentUrl":"https:\/\/ac.upt.ro\/wp-content\/uploads\/2025\/03\/Companii-ZC-ed-26-300x148.jpeg"},{"@type":"BreadcrumbList","@id":"https:\/\/ac.upt.ro\/evenimente\/zilele-carierei-editia-26\/#breadcrumb","itemListElement":[{"@type":"ListItem","position":1,"name":"Home","item":"https:\/\/ac.upt.ro\/"},{"@type":"ListItem","position":2,"name":"Evenimente","item":"https:\/\/ac.upt.ro\/evenimente\/"},{"@type":"ListItem","position":3,"name":"Zilele Carierei, edi\u021bia 26"}]},{"@type":"WebSite","@id":"https:\/\/ac.upt.ro\/#website","url":"https:\/\/ac.upt.ro\/","name":"Facultatea de Automatic\u0103 \u0219i Calculatoare - Timi\u0219oara","description":"Preg\u0103tirea inginerilor IT cu \u00eenalt\u0103 calificare, cu cuno\u0219tin\u021be \u0219i abilit\u0103\u021bi de automatic\u0103, software \u0219i hardware.","publisher":{"@id":"https:\/\/ac.upt.ro\/#organization"},"potentialAction":[{"@type":"SearchAction","target":{"@type":"EntryPoint","urlTemplate":"https:\/\/ac.upt.ro\/?s={search_term_string}"},"query-input":{"@type":"PropertyValueSpecification","valueRequired":true,"valueName":"search_term_string"}}],"inLanguage":"en-GB"},{"@type":"Organization","@id":"https:\/\/ac.upt.ro\/#organization","name":"Facultatea de Automatic\u0103 \u0219i Calculatoare","url":"https:\/\/ac.upt.ro\/","logo":{"@type":"ImageObject","inLanguage":"en-GB","@id":"https:\/\/ac.upt.ro\/#\/schema\/logo\/image\/","url":"https:\/\/ac.upt.ro\/wp-content\/uploads\/2021\/02\/AC-Text.png","contentUrl":"https:\/\/ac.upt.ro\/wp-content\/uploads\/2021\/02\/AC-Text.png","width":400,"height":98,"caption":"Facultatea de Automatic\u0103 \u0219i Calculatoare"},"image":{"@id":"https:\/\/ac.upt.ro\/#\/schema\/logo\/image\/"}}]}},"_links":{"self":[{"href":"https:\/\/ac.upt.ro\/en\/wp-json\/wp\/v2\/ac-evenimente\/7160","targetHints":{"allow":["GET"]}}],"collection":[{"href":"https:\/\/ac.upt.ro\/en\/wp-json\/wp\/v2\/ac-evenimente"}],"about":[{"href":"https:\/\/ac.upt.ro\/en\/wp-json\/wp\/v2\/types\/ac-evenimente"}],"wp:attachment":[{"href":"https:\/\/ac.upt.ro\/en\/wp-json\/wp\/v2\/media?parent=7160"}],"curies":[{"name":"wp","href":"https:\/\/api.w.org\/{rel}","templated":true}]}}

Zilele Carierei, ediția 26

<p>Zilele Carierei revin în această primăvară, în perioada 2-3 aprilie, la Cantina UPT din Complexul Studențesc, eveniment organizat de Centrul de Consiliere și Orientare în Carieră din UPT.</p>
<p>Ediția din acest an reunește 41 de companii și 5 organizații de stat care oferă oportunități de angajare și stagii de internship pentru toate domeniile de studiu.</p>
<p>Vă încurajăm să faceți un pas spre cariera voastră și să explorați opțiunile potrivite pentru voi, în intervalul orar 10:00 &#8211; 17:00, pe parcursul ambelor zile.</p>
<p>Prin prezența la Zilele Carierei, aveți posibilitatea de a vă înscrie la Tombola CCOC, unde puteți câștiga bilete la festivaluri renumite, precum Untold, Electric Castle, Flight Festival și Codru. De asemenea, înainte de a pleca, vă invităm să vizitați Photo Corner-ul Zilele Carierei pentru a păstra o amintire specială de la eveniment.</p>
<p>Vă așteptăm pe 2 și 3 aprilie, la Cantina UPT, între orele 10:00 și 17:00!</p>
<p>Mai multe detalii despre expozanți și eveniment se pot afla urmărindu-ne pe:</p>
<p>Facebook: <a href="https://www.facebook.com/ZileleCariereiUPT/">https://www.facebook.com/ZileleCariereiUPT/</a></p>
<p>Instagram: <a href="https://www.instagram.com/ccocupt/">https://www.instagram.com/ccocupt/</a></p>
<p>LinkedIn: <a href="https://www.linkedin.com/in/ccoc-upt/">https://www.linkedin.com/in/ccoc-upt/</a></p>
<p>Site-ul evenimentului: <a href="https://www.zilelecarierei.upt.ro/">https://www.zilelecarierei.upt.ro/</a></p>
<p><img loading="lazy" decoding="async" class="alignnone wp-image-7163" src="https://ac.upt.ro/wp-content/uploads/2025/03/Companii-ZC-ed-26-300x148.jpeg" alt="" width="1210" height="597" srcset="https://ac.upt.ro/wp-content/uploads/2025/03/Companii-ZC-ed-26-300x148.jpeg 300w, https://ac.upt.ro/wp-content/uploads/2025/03/Companii-ZC-ed-26-1024x506.jpeg 1024w, https://ac.upt.ro/wp-content/uploads/2025/03/Companii-ZC-ed-26-768x379.jpeg 768w, https://ac.upt.ro/wp-content/uploads/2025/03/Companii-ZC-ed-26.jpeg 1263w" sizes="auto, (max-width: 1210px) 100vw, 1210px" /></p>

<p>Zilele Carierei revin în această primăvară, în perioada 2-3 aprilie, la Cantina UPT din Complexul Studențesc, eveniment organizat de Centrul [&hellip;]</p>

<!-- This site is optimized with the Yoast SEO plugin v25.3.1 - https://yoast.com/wordpress/plugins/seo/ -->
<title>Zilele Carierei, ediția 26 - Facultatea de Automatică și Calculatoare - Timișoara</title>
<meta name="robots" content="index, follow, max-snippet:-1, max-image-preview:large, max-video-preview:-1" />
<link rel="canonical" href="https://ac.upt.ro/en/evenimente/zilele-carierei-editia-26/" />
<meta property="og:locale" content="en_GB" />
<meta property="og:locale:alternate" content="ro_RO" />
<meta property="og:type" content="article" />
<meta property="og:title" content="Zilele Carierei, ediția 26" />
<meta property="og:description" content="Zilele Carierei revin în această primăvară, în perioada 2-3 aprilie, la Cantina UPT din Complexul Studențesc, eveniment organizat de Centrul [&hellip;]" />
<meta property="og:url" content="https://ac.upt.ro/en/evenimente/zilele-carierei-editia-26/" />
<meta property="og:site_name" content="Facultatea de Automatică și Calculatoare - Timișoara" />
<meta property="article:modified_time" content="2025-03-27T13:39:19+00:00" />
<meta property="og:image" content="https://ac.upt.ro/wp-content/uploads/2025/03/Companii-ZC-ed-26-300x148.jpeg" />
<meta name="twitter:card" content="summary_large_image" />
<meta name="twitter:label1" content="Estimated reading time" />
	<meta name="twitter:data1" content="2 minutes" />
<script type="application/ld+json" class="yoast-schema-graph">{"@context":"https://schema.org","@graph":[{"@type":"WebPage","@id":"https://ac.upt.ro/evenimente/zilele-carierei-editia-26/","url":"https://ac.upt.ro/evenimente/zilele-carierei-editia-26/","name":"Zilele Carierei, ediția 26","isPartOf":{"@id":"https://ac.upt.ro/#website"},"primaryImageOfPage":{"@id":"https://ac.upt.ro/evenimente/zilele-carierei-editia-26/#primaryimage"},"image":{"@id":"https://ac.upt.ro/evenimente/zilele-carierei-editia-26/#primaryimage"},"thumbnailUrl":"https://ac.upt.ro/wp-content/uploads/2025/03/Companii-ZC-ed-26-300x148.jpeg","datePublished":"2025-03-27T13:35:15+00:00","dateModified":"2025-03-27T13:39:19+00:00","breadcrumb":{"@id":"https://ac.upt.ro/evenimente/zilele-carierei-editia-26/#breadcrumb"},"inLanguage":"en-GB","potentialAction":[{"@type":"ReadAction","target":["https://ac.upt.ro/evenimente/zilele-carierei-editia-26/"]}]},{"@type":"ImageObject","inLanguage":"en-GB","@id":"https://ac.upt.ro/evenimente/zilele-carierei-editia-26/#primaryimage","url":"https://ac.upt.ro/wp-content/uploads/2025/03/Companii-ZC-ed-26-300x148.jpeg","contentUrl":"https://ac.upt.ro/wp-content/uploads/2025/03/Companii-ZC-ed-26-300x148.jpeg"},{"@type":"BreadcrumbList","@id":"https://ac.upt.ro/evenimente/zilele-carierei-editia-26/#breadcrumb","itemListElement":[{"@type":"ListItem","position":1,"name":"Home","item":"https://ac.upt.ro/"},{"@type":"ListItem","position":2,"name":"Evenimente","item":"https://ac.upt.ro/evenimente/"},{"@type":"ListItem","position":3,"name":"Zilele Carierei, ediția 26"}]},{"@type":"WebSite","@id":"https://ac.upt.ro/#website","url":"https://ac.upt.ro/","name":"Facultatea de Automatică și Calculatoare - Timișoara","description":"Pregătirea inginerilor IT cu înaltă calificare, cu cunoștințe și abilități de automatică, software și hardware.","publisher":{"@id":"https://ac.upt.ro/#organization"},"potentialAction":[{"@type":"SearchAction","target":{"@type":"EntryPoint","urlTemplate":"https://ac.upt.ro/?s={search_term_string}"},"query-input":{"@type":"PropertyValueSpecification","valueRequired":true,"valueName":"search_term_string"}}],"inLanguage":"en-GB"},{"@type":"Organization","@id":"https://ac.upt.ro/#organization","name":"Facultatea de Automatică și Calculatoare","url":"https://ac.upt.ro/","logo":{"@type":"ImageObject","inLanguage":"en-GB","@id":"https://ac.upt.ro/#/schema/logo/image/","url":"https://ac.upt.ro/wp-content/uploads/2021/02/AC-Text.png","contentUrl":"https://ac.upt.ro/wp-content/uploads/2021/02/AC-Text.png","width":400,"height":98,"caption":"Facultatea de Automatică și Calculatoare"},"image":{"@id":"https://ac.upt.ro/#/schema/logo/image/"}}]}</script>
<!-- / Yoast SEO plugin. -->

Zilele Carierei, ediția 26 - Facultatea de Automatică și Calculatoare - Timișoara

[:ro]Zilele Carierei, ediția 26[:en]Zilele Carierei, ediția 26[:] - Facultatea de Automatică și Calculatoare - Timișoara

Zilele Carierei revin în această primăvară, în perioada 2-3 aprilie, la Cantina UPT din Complexul Studențesc, eveniment organizat de Centrul [&hellip;]

Facultatea de Automatică și Calculatoare - Timișoara

Pregătirea inginerilor IT cu înaltă calificare, cu cunoștințe și abilități de automatică, software și hardware.

Facultatea de Automatică și Calculatoare
