{"id":5380,"date":"2023-09-20T13:52:49","date_gmt":"2023-09-20T11:52:49","guid":{"rendered":"https:\/\/ac.upt.ro\/?post_type=ac-evenimente&#038;p=5380"},"modified":"2023-09-20T19:09:49","modified_gmt":"2023-09-20T17:09:49","slug":"ceremonia-de-deschidere-a-facultatii-ac","status":"publish","type":"ac-evenimente","link":"https:\/\/ac.upt.ro\/en\/evenimente\/ceremonia-de-deschidere-a-facultatii-ac\/","title":{"rendered":"Ceremonia de deschidere a facultatii AC"},"content":{"rendered":"<p><strong>Ceremonia de deschidere<\/strong> a Facultatii de Automatica si Calculatoare va avea loc <strong>Luni, 25 Septembrie<\/strong> in <strong>Auditorium<\/strong> (Biblioteca UPT, <a href=\"https:\/\/maps.app.goo.gl\/hYJA3j2ZfmYAdhuM6\">https:\/\/maps.app.goo.gl\/hYJA3j2ZfmYAdhuM6<\/a>) dup\u0103 cum urmeaz\u0103:<\/p>\n<ul>\n<li><strong>09:00-10:00<\/strong> pentru specializ\u0103rile<strong> CTI Rom\u00e2n\u0103 \u0219i CTI Englez\u0103<\/strong><\/li>\n<li><strong>11:00-12:00<\/strong> pentru specializ\u0103rile <strong>IS\/AIA \u0219i Informatic\u0103<\/strong><\/li>\n<\/ul>\n<p>Dup\u0103 finalizarea ceremoniei studen\u021bii de anul I vor primi pachetele promo\u021bionale din partea Facult\u0103\u021bii de Automatic\u0103 \u0219i Calculatoare \u0219i a Ligii AC.<\/p>\n<p><strong>\u00cencep\u00e2nd cu ora 14:00<\/strong> vor fi \u00eenm\u00e2nate <strong>carnetele<\/strong> \u00een fa\u021ba sediului Ligii AC (corpul A, Zona Electro).<\/p>\n<p>\u00cen prima s\u0103pt\u0103m\u00e2n\u0103 se vor organiza<strong> \u0219edin\u021be cu decanul de an (tutorele de an)<\/strong> dup\u0103 cum urmeaz\u0103:<\/p>\n<p><strong>Luni, 25 septembrie<\/strong><\/p>\n<ul>\n<li><strong>CTI Rom\u00e2n\u0103 Seria 2D<\/strong> &#8211; de la ora 10:30 \u00een sala A117 (Corpul A, Zona Electro)<\/li>\n<li><strong>Informatic\u0103 ZI<\/strong> &#8211; de la ora 12:30 \u00een sala K1 (Bibliotec\u0103)<\/li>\n<\/ul>\n<p><strong>Mar\u021bi, 26 septembrie<\/strong><\/p>\n<ul>\n<li><strong>CTI Rom\u00e2n\u0103 Seria 1C<\/strong> &#8211; de la ora 13:00 \u00een sala ASPC (<a href=\"https:\/\/maps.app.goo.gl\/W5V67yNxU7WFGEgeA\">https:\/\/maps.app.goo.gl\/W5V67yNxU7WFGEgeA<\/a>)<\/li>\n<li><strong>CTI Englez\u0103<\/strong> &#8211; de la ora 14:00 \u00een sala A109 (Corpul A, Zona Electro)<\/li>\n<\/ul>\n<p><strong>Miercuri, 27 septembrie<\/strong><\/p>\n<ul>\n<li><strong>IS\/AIA Seria 1A<\/strong> &#8211; de la ora 13:00 \u00een sala A117 (Corpul A, Zona Electro)<\/li>\n<\/ul>\n<p><strong>Joi, 28 septembrie<\/strong><\/p>\n<ul>\n<li><strong>IS\/AIA Seria 1B<\/strong> &#8211; de la ora 13:00 \u00een sala A117 (Corpul A, Zona Electro)<\/li>\n<\/ul>\n<p>\u00cen cadrul acestor \u00eent\u00e2lniri, din prima s\u0103pt\u0103m\u00e2n\u0103, se vor da \u0219i contractele de studiu.<\/p>\n<p>Prezenta este obligatorie pentru to\u021bi studen\u021bii \u00eenmatricula\u021bi \u00een primul an de studii de la Facultatea de Automatic\u0103 \u0219i\u00a0Calculatoare.<\/p>\n","protected":false},"excerpt":{"rendered":"<p>Ceremonia de deschidere a Facultatii de Automatica si Calculatoare va avea loc Luni, 25 Septembrie in Auditorium (Biblioteca UPT, https:\/\/maps.app.goo.gl\/hYJA3j2ZfmYAdhuM6) [&hellip;]<\/p>\n","protected":false},"featured_media":0,"template":"","class_list":["post-5380","ac-evenimente","type-ac-evenimente","status-publish","hentry"],"acf":[],"yoast_head":"<!-- This site is optimized with the Yoast SEO plugin v25.3.1 - https:\/\/yoast.com\/wordpress\/plugins\/seo\/ -->\n<title>Ceremonia de deschidere a facultatii AC - Facultatea de Automatic\u0103 \u0219i Calculatoare - Timi\u0219oara<\/title>\n<meta name=\"robots\" content=\"index, follow, max-snippet:-1, max-image-preview:large, max-video-preview:-1\" \/>\n<link rel=\"canonical\" href=\"https:\/\/ac.upt.ro\/en\/evenimente\/ceremonia-de-deschidere-a-facultatii-ac\/\" \/>\n<meta property=\"og:locale\" content=\"en_GB\" \/>\n<meta property=\"og:locale:alternate\" content=\"ro_RO\" \/>\n<meta property=\"og:type\" content=\"article\" \/>\n<meta property=\"og:title\" content=\"Ceremonia de deschidere a facultatii AC\" \/>\n<meta property=\"og:description\" content=\"Ceremonia de deschidere a Facultatii de Automatica si Calculatoare va avea loc Luni, 25 Septembrie in Auditorium (Biblioteca UPT, https:\/\/maps.app.goo.gl\/hYJA3j2ZfmYAdhuM6) [&hellip;]\" \/>\n<meta property=\"og:url\" content=\"https:\/\/ac.upt.ro\/en\/evenimente\/ceremonia-de-deschidere-a-facultatii-ac\/\" \/>\n<meta property=\"og:site_name\" content=\"Facultatea de Automatic\u0103 \u0219i Calculatoare - Timi\u0219oara\" \/>\n<meta property=\"article:modified_time\" content=\"2023-09-20T17:09:49+00:00\" \/>\n<meta name=\"twitter:card\" content=\"summary_large_image\" \/>\n<meta name=\"twitter:label1\" content=\"Estimated reading time\" \/>\n\t<meta name=\"twitter:data1\" content=\"2 minutes\" \/>\n<script type=\"application\/ld+json\" class=\"yoast-schema-graph\">{\"@context\":\"https:\/\/schema.org\",\"@graph\":[{\"@type\":\"WebPage\",\"@id\":\"https:\/\/ac.upt.ro\/evenimente\/ceremonia-de-deschidere-a-facultatii-ac\/\",\"url\":\"https:\/\/ac.upt.ro\/evenimente\/ceremonia-de-deschidere-a-facultatii-ac\/\",\"name\":\"Ceremonia de deschidere a facultatii AC\",\"isPartOf\":{\"@id\":\"https:\/\/ac.upt.ro\/#website\"},\"datePublished\":\"2023-09-20T11:52:49+00:00\",\"dateModified\":\"2023-09-20T17:09:49+00:00\",\"breadcrumb\":{\"@id\":\"https:\/\/ac.upt.ro\/evenimente\/ceremonia-de-deschidere-a-facultatii-ac\/#breadcrumb\"},\"inLanguage\":\"en-GB\",\"potentialAction\":[{\"@type\":\"ReadAction\",\"target\":[\"https:\/\/ac.upt.ro\/evenimente\/ceremonia-de-deschidere-a-facultatii-ac\/\"]}]},{\"@type\":\"BreadcrumbList\",\"@id\":\"https:\/\/ac.upt.ro\/evenimente\/ceremonia-de-deschidere-a-facultatii-ac\/#breadcrumb\",\"itemListElement\":[{\"@type\":\"ListItem\",\"position\":1,\"name\":\"Home\",\"item\":\"https:\/\/ac.upt.ro\/\"},{\"@type\":\"ListItem\",\"position\":2,\"name\":\"Evenimente\",\"item\":\"https:\/\/ac.upt.ro\/evenimente\/\"},{\"@type\":\"ListItem\",\"position\":3,\"name\":\"Ceremonia de deschidere a facultatii AC\"}]},{\"@type\":\"WebSite\",\"@id\":\"https:\/\/ac.upt.ro\/#website\",\"url\":\"https:\/\/ac.upt.ro\/\",\"name\":\"Facultatea de Automatic\u0103 \u0219i Calculatoare - Timi\u0219oara\",\"description\":\"Preg\u0103tirea inginerilor IT cu \u00eenalt\u0103 calificare, cu cuno\u0219tin\u021be \u0219i abilit\u0103\u021bi de automatic\u0103, software \u0219i hardware.\",\"publisher\":{\"@id\":\"https:\/\/ac.upt.ro\/#organization\"},\"potentialAction\":[{\"@type\":\"SearchAction\",\"target\":{\"@type\":\"EntryPoint\",\"urlTemplate\":\"https:\/\/ac.upt.ro\/?s={search_term_string}\"},\"query-input\":{\"@type\":\"PropertyValueSpecification\",\"valueRequired\":true,\"valueName\":\"search_term_string\"}}],\"inLanguage\":\"en-GB\"},{\"@type\":\"Organization\",\"@id\":\"https:\/\/ac.upt.ro\/#organization\",\"name\":\"Facultatea de Automatic\u0103 \u0219i Calculatoare\",\"url\":\"https:\/\/ac.upt.ro\/\",\"logo\":{\"@type\":\"ImageObject\",\"inLanguage\":\"en-GB\",\"@id\":\"https:\/\/ac.upt.ro\/#\/schema\/logo\/image\/\",\"url\":\"https:\/\/ac.upt.ro\/wp-content\/uploads\/2021\/02\/AC-Text.png\",\"contentUrl\":\"https:\/\/ac.upt.ro\/wp-content\/uploads\/2021\/02\/AC-Text.png\",\"width\":400,\"height\":98,\"caption\":\"Facultatea de Automatic\u0103 \u0219i Calculatoare\"},\"image\":{\"@id\":\"https:\/\/ac.upt.ro\/#\/schema\/logo\/image\/\"}}]}<\/script>\n<!-- \/ Yoast SEO plugin. -->","yoast_head_json":{"title":"Ceremonia de deschidere a facultatii AC - Facultatea de Automatic\u0103 \u0219i Calculatoare - Timi\u0219oara","robots":{"index":"index","follow":"follow","max-snippet":"max-snippet:-1","max-image-preview":"max-image-preview:large","max-video-preview":"max-video-preview:-1"},"canonical":"https:\/\/ac.upt.ro\/en\/evenimente\/ceremonia-de-deschidere-a-facultatii-ac\/","og_locale":"en_GB","og_type":"article","og_title":"[:ro]Ceremonia de deschidere a facultatii AC[:] - Facultatea de Automatic\u0103 \u0219i Calculatoare - Timi\u0219oara","og_description":"Ceremonia de deschidere a Facultatii de Automatica si Calculatoare va avea loc Luni, 25 Septembrie in Auditorium (Biblioteca UPT, https:\/\/maps.app.goo.gl\/hYJA3j2ZfmYAdhuM6) [&hellip;]","og_url":"https:\/\/ac.upt.ro\/en\/evenimente\/ceremonia-de-deschidere-a-facultatii-ac\/","og_site_name":"Facultatea de Automatic\u0103 \u0219i Calculatoare - Timi\u0219oara","article_modified_time":"2023-09-20T17:09:49+00:00","twitter_card":"summary_large_image","twitter_misc":{"Estimated reading time":"2 minutes"},"schema":{"@context":"https:\/\/schema.org","@graph":[{"@type":"WebPage","@id":"https:\/\/ac.upt.ro\/evenimente\/ceremonia-de-deschidere-a-facultatii-ac\/","url":"https:\/\/ac.upt.ro\/evenimente\/ceremonia-de-deschidere-a-facultatii-ac\/","name":"Ceremonia de deschidere a facultatii AC","isPartOf":{"@id":"https:\/\/ac.upt.ro\/#website"},"datePublished":"2023-09-20T11:52:49+00:00","dateModified":"2023-09-20T17:09:49+00:00","breadcrumb":{"@id":"https:\/\/ac.upt.ro\/evenimente\/ceremonia-de-deschidere-a-facultatii-ac\/#breadcrumb"},"inLanguage":"en-GB","potentialAction":[{"@type":"ReadAction","target":["https:\/\/ac.upt.ro\/evenimente\/ceremonia-de-deschidere-a-facultatii-ac\/"]}]},{"@type":"BreadcrumbList","@id":"https:\/\/ac.upt.ro\/evenimente\/ceremonia-de-deschidere-a-facultatii-ac\/#breadcrumb","itemListElement":[{"@type":"ListItem","position":1,"name":"Home","item":"https:\/\/ac.upt.ro\/"},{"@type":"ListItem","position":2,"name":"Evenimente","item":"https:\/\/ac.upt.ro\/evenimente\/"},{"@type":"ListItem","position":3,"name":"Ceremonia de deschidere a facultatii AC"}]},{"@type":"WebSite","@id":"https:\/\/ac.upt.ro\/#website","url":"https:\/\/ac.upt.ro\/","name":"Facultatea de Automatic\u0103 \u0219i Calculatoare - Timi\u0219oara","description":"Preg\u0103tirea inginerilor IT cu \u00eenalt\u0103 calificare, cu cuno\u0219tin\u021be \u0219i abilit\u0103\u021bi de automatic\u0103, software \u0219i hardware.","publisher":{"@id":"https:\/\/ac.upt.ro\/#organization"},"potentialAction":[{"@type":"SearchAction","target":{"@type":"EntryPoint","urlTemplate":"https:\/\/ac.upt.ro\/?s={search_term_string}"},"query-input":{"@type":"PropertyValueSpecification","valueRequired":true,"valueName":"search_term_string"}}],"inLanguage":"en-GB"},{"@type":"Organization","@id":"https:\/\/ac.upt.ro\/#organization","name":"Facultatea de Automatic\u0103 \u0219i Calculatoare","url":"https:\/\/ac.upt.ro\/","logo":{"@type":"ImageObject","inLanguage":"en-GB","@id":"https:\/\/ac.upt.ro\/#\/schema\/logo\/image\/","url":"https:\/\/ac.upt.ro\/wp-content\/uploads\/2021\/02\/AC-Text.png","contentUrl":"https:\/\/ac.upt.ro\/wp-content\/uploads\/2021\/02\/AC-Text.png","width":400,"height":98,"caption":"Facultatea de Automatic\u0103 \u0219i Calculatoare"},"image":{"@id":"https:\/\/ac.upt.ro\/#\/schema\/logo\/image\/"}}]}},"_links":{"self":[{"href":"https:\/\/ac.upt.ro\/en\/wp-json\/wp\/v2\/ac-evenimente\/5380","targetHints":{"allow":["GET"]}}],"collection":[{"href":"https:\/\/ac.upt.ro\/en\/wp-json\/wp\/v2\/ac-evenimente"}],"about":[{"href":"https:\/\/ac.upt.ro\/en\/wp-json\/wp\/v2\/types\/ac-evenimente"}],"wp:attachment":[{"href":"https:\/\/ac.upt.ro\/en\/wp-json\/wp\/v2\/media?parent=5380"}],"curies":[{"name":"wp","href":"https:\/\/api.w.org\/{rel}","templated":true}]}}

<p><strong>Ceremonia de deschidere</strong> a Facultatii de Automatica si Calculatoare va avea loc <strong>Luni, 25 Septembrie</strong> in <strong>Auditorium</strong> (Biblioteca UPT, <a href="https://maps.app.goo.gl/hYJA3j2ZfmYAdhuM6">https://maps.app.goo.gl/hYJA3j2ZfmYAdhuM6</a>) după cum urmează:</p>
<ul>
<li><strong>09:00-10:00</strong> pentru specializările<strong> CTI Română și CTI Engleză</strong></li>
<li><strong>11:00-12:00</strong> pentru specializările <strong>IS/AIA și Informatică</strong></li>
</ul>
<p>După finalizarea ceremoniei studenții de anul I vor primi pachetele promoționale din partea Facultății de Automatică și Calculatoare și a Ligii AC.</p>
<p><strong>Începând cu ora 14:00</strong> vor fi înmânate <strong>carnetele</strong> în fața sediului Ligii AC (corpul A, Zona Electro).</p>
<p>În prima săptămână se vor organiza<strong> ședințe cu decanul de an (tutorele de an)</strong> după cum urmează:</p>
<p><strong>Luni, 25 septembrie</strong></p>
<ul>
<li><strong>CTI Română Seria 2D</strong> &#8211; de la ora 10:30 în sala A117 (Corpul A, Zona Electro)</li>
<li><strong>Informatică ZI</strong> &#8211; de la ora 12:30 în sala K1 (Bibliotecă)</li>
</ul>
<p><strong>Marți, 26 septembrie</strong></p>
<ul>
<li><strong>CTI Română Seria 1C</strong> &#8211; de la ora 13:00 în sala ASPC (<a href="https://maps.app.goo.gl/W5V67yNxU7WFGEgeA">https://maps.app.goo.gl/W5V67yNxU7WFGEgeA</a>)</li>
<li><strong>CTI Engleză</strong> &#8211; de la ora 14:00 în sala A109 (Corpul A, Zona Electro)</li>
</ul>
<p><strong>Miercuri, 27 septembrie</strong></p>
<ul>
<li><strong>IS/AIA Seria 1A</strong> &#8211; de la ora 13:00 în sala A117 (Corpul A, Zona Electro)</li>
</ul>
<p><strong>Joi, 28 septembrie</strong></p>
<ul>
<li><strong>IS/AIA Seria 1B</strong> &#8211; de la ora 13:00 în sala A117 (Corpul A, Zona Electro)</li>
</ul>
<p>În cadrul acestor întâlniri, din prima săptămână, se vor da și contractele de studiu.</p>
<p>Prezenta este obligatorie pentru toți studenții înmatriculați în primul an de studii de la Facultatea de Automatică și Calculatoare.</p>

<!-- This site is optimized with the Yoast SEO plugin v25.3.1 - https://yoast.com/wordpress/plugins/seo/ -->
<title>Ceremonia de deschidere a facultatii AC - Facultatea de Automatică și Calculatoare - Timișoara</title>
<meta name="robots" content="index, follow, max-snippet:-1, max-image-preview:large, max-video-preview:-1" />
<link rel="canonical" href="https://ac.upt.ro/en/evenimente/ceremonia-de-deschidere-a-facultatii-ac/" />
<meta property="og:locale" content="en_GB" />
<meta property="og:locale:alternate" content="ro_RO" />
<meta property="og:type" content="article" />
<meta property="og:title" content="Ceremonia de deschidere a facultatii AC" />
<meta property="og:description" content="Ceremonia de deschidere a Facultatii de Automatica si Calculatoare va avea loc Luni, 25 Septembrie in Auditorium (Biblioteca UPT, https://maps.app.goo.gl/hYJA3j2ZfmYAdhuM6) [&hellip;]" />
<meta property="og:url" content="https://ac.upt.ro/en/evenimente/ceremonia-de-deschidere-a-facultatii-ac/" />
<meta property="og:site_name" content="Facultatea de Automatică și Calculatoare - Timișoara" />
<meta property="article:modified_time" content="2023-09-20T17:09:49+00:00" />
<meta name="twitter:card" content="summary_large_image" />
<meta name="twitter:label1" content="Estimated reading time" />
	<meta name="twitter:data1" content="2 minutes" />
<script type="application/ld+json" class="yoast-schema-graph">{"@context":"https://schema.org","@graph":[{"@type":"WebPage","@id":"https://ac.upt.ro/evenimente/ceremonia-de-deschidere-a-facultatii-ac/","url":"https://ac.upt.ro/evenimente/ceremonia-de-deschidere-a-facultatii-ac/","name":"Ceremonia de deschidere a facultatii AC","isPartOf":{"@id":"https://ac.upt.ro/#website"},"datePublished":"2023-09-20T11:52:49+00:00","dateModified":"2023-09-20T17:09:49+00:00","breadcrumb":{"@id":"https://ac.upt.ro/evenimente/ceremonia-de-deschidere-a-facultatii-ac/#breadcrumb"},"inLanguage":"en-GB","potentialAction":[{"@type":"ReadAction","target":["https://ac.upt.ro/evenimente/ceremonia-de-deschidere-a-facultatii-ac/"]}]},{"@type":"BreadcrumbList","@id":"https://ac.upt.ro/evenimente/ceremonia-de-deschidere-a-facultatii-ac/#breadcrumb","itemListElement":[{"@type":"ListItem","position":1,"name":"Home","item":"https://ac.upt.ro/"},{"@type":"ListItem","position":2,"name":"Evenimente","item":"https://ac.upt.ro/evenimente/"},{"@type":"ListItem","position":3,"name":"Ceremonia de deschidere a facultatii AC"}]},{"@type":"WebSite","@id":"https://ac.upt.ro/#website","url":"https://ac.upt.ro/","name":"Facultatea de Automatică și Calculatoare - Timișoara","description":"Pregătirea inginerilor IT cu înaltă calificare, cu cunoștințe și abilități de automatică, software și hardware.","publisher":{"@id":"https://ac.upt.ro/#organization"},"potentialAction":[{"@type":"SearchAction","target":{"@type":"EntryPoint","urlTemplate":"https://ac.upt.ro/?s={search_term_string}"},"query-input":{"@type":"PropertyValueSpecification","valueRequired":true,"valueName":"search_term_string"}}],"inLanguage":"en-GB"},{"@type":"Organization","@id":"https://ac.upt.ro/#organization","name":"Facultatea de Automatică și Calculatoare","url":"https://ac.upt.ro/","logo":{"@type":"ImageObject","inLanguage":"en-GB","@id":"https://ac.upt.ro/#/schema/logo/image/","url":"https://ac.upt.ro/wp-content/uploads/2021/02/AC-Text.png","contentUrl":"https://ac.upt.ro/wp-content/uploads/2021/02/AC-Text.png","width":400,"height":98,"caption":"Facultatea de Automatică și Calculatoare"},"image":{"@id":"https://ac.upt.ro/#/schema/logo/image/"}}]}</script>
<!-- / Yoast SEO plugin. -->

Ceremonia de deschidere a facultatii AC - Facultatea de Automatică și Calculatoare - Timișoara

[:ro]Ceremonia de deschidere a facultatii AC[:] - Facultatea de Automatică și Calculatoare - Timișoara

Facultatea de Automatică și Calculatoare - Timișoara

Pregătirea inginerilor IT cu înaltă calificare, cu cunoștințe și abilități de automatică, software și hardware.

Facultatea de Automatică și Calculatoare
