{"id":3244,"date":"2022-01-11T09:11:51","date_gmt":"2022-01-11T07:11:51","guid":{"rendered":"https:\/\/ac.upt.ro\/?post_type=ac-anunturi&#038;p=3244"},"modified":"2022-01-11T09:12:13","modified_gmt":"2022-01-11T07:12:13","slug":"mobilitati-studentesti-erasmus","status":"publish","type":"ac-anunturi","link":"https:\/\/ac.upt.ro\/en\/anunturi\/mobilitati-studentesti-erasmus\/","title":{"rendered":"Mobilitati studen\u021be\u0219ti Erasmus"},"content":{"rendered":"<p><img loading=\"lazy\" decoding=\"async\" class=\" wp-image-3245 alignleft\" src=\"https:\/\/ac.upt.ro\/wp-content\/uploads\/2022\/01\/Afis-webinar-300x251.jpg\" alt=\"\" width=\"396\" height=\"331\" srcset=\"https:\/\/ac.upt.ro\/wp-content\/uploads\/2022\/01\/Afis-webinar-300x251.jpg 300w, https:\/\/ac.upt.ro\/wp-content\/uploads\/2022\/01\/Afis-webinar-768x644.jpg 768w, https:\/\/ac.upt.ro\/wp-content\/uploads\/2022\/01\/Afis-webinar.jpg 940w\" sizes=\"auto, (max-width: 396px) 100vw, 396px\" \/><\/p>\n<p>Dragi studen\u021bi,<\/p>\n<div>\n<p>\u00cen curand va \u00eencepe campania de selec\u021bie pentru mobilit\u0103\u021bi studen\u021be\u0219ti Erasmus, pentru anul academic 2022-2023, semestrul I si II (<b>07.02.2022-28.02.2022)<\/b>.<\/p>\n<\/div>\n<div>\n<p>Informa\u021bii despre aceste mobilit\u0103\u021bi ve\u021bi primi \u00een cadrul <b>webinarului din data de 13 ianuarie 2022, ora 17<\/b>, la care v\u0103 invit\u0103m s\u0103 participa\u021bi.<\/p>\n<\/div>\n<div>\n<p>Pentru a participa, trebuie s\u0103 v\u0103 \u00eenregistra\u021bi \u00een prealabil urm\u00e2nd acest link:\u00a0<a href=\"http:\/\/xttpw.mjt.lu\/lnk\/AMUAALqNXo8AAAAAAAAAAAF8zhsAAAAAYZ8AAAAAABK_xABh3DdPMPpX2VcwSY6w0R_AdhTl1wASuG8\/7\/f52lSwTB_rQP-0EbGQoqYA\/aHR0cHM6Ly91cHQtcm8uem9vbS51cy9tZWV0aW5nL3JlZ2lzdGVyL3RKSXFjLWlocHpJb0U5VXdkZ3VaQ1dyaXhSUEJMMk1pdXdfQQ\" target=\"_blank\" rel=\"noreferrer noopener\">https:\/\/upt-ro.zoom.us\/meeting\/register\/tJIqc-ihpzIoE9UwdguZCWrixRPBL2Miuw_A<\/a><\/p>\n<\/div>\n<p>Informa\u021bii suplimentare privind mobilit\u0103\u021bile se g\u0103sesc \u0219i la urm\u0103torul link: <a href=\"https:\/\/bit.ly\/3HIC39T\">https:\/\/bit.ly\/3HIC39T<\/a><\/p>\n","protected":false},"excerpt":{"rendered":"<p>Dragi studen\u021bi, \u00cen curand va \u00eencepe campania de selec\u021bie pentru mobilit\u0103\u021bi studen\u021be\u0219ti Erasmus, pentru anul academic 2022-2023, semestrul I si [&hellip;]<\/p>\n","protected":false},"featured_media":0,"template":"","class_list":["post-3244","ac-anunturi","type-ac-anunturi","status-publish","hentry"],"acf":[],"yoast_head":"<!-- This site is optimized with the Yoast SEO plugin v25.3.1 - https:\/\/yoast.com\/wordpress\/plugins\/seo\/ -->\n<title>Mobilitati studen\u021be\u0219ti Erasmus - Facultatea de Automatic\u0103 \u0219i Calculatoare - Timi\u0219oara<\/title>\n<meta name=\"robots\" content=\"index, follow, max-snippet:-1, max-image-preview:large, max-video-preview:-1\" \/>\n<link rel=\"canonical\" href=\"https:\/\/ac.upt.ro\/en\/anunturi\/mobilitati-studentesti-erasmus\/\" \/>\n<meta property=\"og:locale\" content=\"en_GB\" \/>\n<meta property=\"og:locale:alternate\" content=\"ro_RO\" \/>\n<meta property=\"og:type\" content=\"article\" \/>\n<meta property=\"og:title\" content=\"Mobilitati studen\u021be\u0219ti Erasmus\" \/>\n<meta property=\"og:description\" content=\"Dragi studen\u021bi, \u00cen curand va \u00eencepe campania de selec\u021bie pentru mobilit\u0103\u021bi studen\u021be\u0219ti Erasmus, pentru anul academic 2022-2023, semestrul I si [&hellip;]\" \/>\n<meta property=\"og:url\" content=\"https:\/\/ac.upt.ro\/en\/anunturi\/mobilitati-studentesti-erasmus\/\" \/>\n<meta property=\"og:site_name\" content=\"Facultatea de Automatic\u0103 \u0219i Calculatoare - Timi\u0219oara\" \/>\n<meta property=\"article:modified_time\" content=\"2022-01-11T07:12:13+00:00\" \/>\n<meta property=\"og:image\" content=\"https:\/\/ac.upt.ro\/wp-content\/uploads\/2022\/01\/Afis-webinar-300x251.jpg\" \/>\n<meta name=\"twitter:card\" content=\"summary_large_image\" \/>\n<meta name=\"twitter:label1\" content=\"Estimated reading time\" \/>\n\t<meta name=\"twitter:data1\" content=\"1 minute\" \/>\n<script type=\"application\/ld+json\" class=\"yoast-schema-graph\">{\"@context\":\"https:\/\/schema.org\",\"@graph\":[{\"@type\":\"WebPage\",\"@id\":\"https:\/\/ac.upt.ro\/anunturi\/mobilitati-studentesti-erasmus\/\",\"url\":\"https:\/\/ac.upt.ro\/anunturi\/mobilitati-studentesti-erasmus\/\",\"name\":\"Mobilitati studen\u021be\u0219ti Erasmus\",\"isPartOf\":{\"@id\":\"https:\/\/ac.upt.ro\/#website\"},\"primaryImageOfPage\":{\"@id\":\"https:\/\/ac.upt.ro\/anunturi\/mobilitati-studentesti-erasmus\/#primaryimage\"},\"image\":{\"@id\":\"https:\/\/ac.upt.ro\/anunturi\/mobilitati-studentesti-erasmus\/#primaryimage\"},\"thumbnailUrl\":\"https:\/\/ac.upt.ro\/wp-content\/uploads\/2022\/01\/Afis-webinar-300x251.jpg\",\"datePublished\":\"2022-01-11T07:11:51+00:00\",\"dateModified\":\"2022-01-11T07:12:13+00:00\",\"breadcrumb\":{\"@id\":\"https:\/\/ac.upt.ro\/anunturi\/mobilitati-studentesti-erasmus\/#breadcrumb\"},\"inLanguage\":\"en-GB\",\"potentialAction\":[{\"@type\":\"ReadAction\",\"target\":[\"https:\/\/ac.upt.ro\/anunturi\/mobilitati-studentesti-erasmus\/\"]}]},{\"@type\":\"ImageObject\",\"inLanguage\":\"en-GB\",\"@id\":\"https:\/\/ac.upt.ro\/anunturi\/mobilitati-studentesti-erasmus\/#primaryimage\",\"url\":\"https:\/\/ac.upt.ro\/wp-content\/uploads\/2022\/01\/Afis-webinar-300x251.jpg\",\"contentUrl\":\"https:\/\/ac.upt.ro\/wp-content\/uploads\/2022\/01\/Afis-webinar-300x251.jpg\"},{\"@type\":\"BreadcrumbList\",\"@id\":\"https:\/\/ac.upt.ro\/anunturi\/mobilitati-studentesti-erasmus\/#breadcrumb\",\"itemListElement\":[{\"@type\":\"ListItem\",\"position\":1,\"name\":\"Home\",\"item\":\"https:\/\/ac.upt.ro\/\"},{\"@type\":\"ListItem\",\"position\":2,\"name\":\"Anun\u021buri\",\"item\":\"https:\/\/ac.upt.ro\/anunturi\/\"},{\"@type\":\"ListItem\",\"position\":3,\"name\":\"Mobilitati studen\u021be\u0219ti Erasmus\"}]},{\"@type\":\"WebSite\",\"@id\":\"https:\/\/ac.upt.ro\/#website\",\"url\":\"https:\/\/ac.upt.ro\/\",\"name\":\"Facultatea de Automatic\u0103 \u0219i Calculatoare - Timi\u0219oara\",\"description\":\"Preg\u0103tirea inginerilor IT cu \u00eenalt\u0103 calificare, cu cuno\u0219tin\u021be \u0219i abilit\u0103\u021bi de automatic\u0103, software \u0219i hardware.\",\"publisher\":{\"@id\":\"https:\/\/ac.upt.ro\/#organization\"},\"potentialAction\":[{\"@type\":\"SearchAction\",\"target\":{\"@type\":\"EntryPoint\",\"urlTemplate\":\"https:\/\/ac.upt.ro\/?s={search_term_string}\"},\"query-input\":{\"@type\":\"PropertyValueSpecification\",\"valueRequired\":true,\"valueName\":\"search_term_string\"}}],\"inLanguage\":\"en-GB\"},{\"@type\":\"Organization\",\"@id\":\"https:\/\/ac.upt.ro\/#organization\",\"name\":\"Facultatea de Automatic\u0103 \u0219i Calculatoare\",\"url\":\"https:\/\/ac.upt.ro\/\",\"logo\":{\"@type\":\"ImageObject\",\"inLanguage\":\"en-GB\",\"@id\":\"https:\/\/ac.upt.ro\/#\/schema\/logo\/image\/\",\"url\":\"https:\/\/ac.upt.ro\/wp-content\/uploads\/2021\/02\/AC-Text.png\",\"contentUrl\":\"https:\/\/ac.upt.ro\/wp-content\/uploads\/2021\/02\/AC-Text.png\",\"width\":400,\"height\":98,\"caption\":\"Facultatea de Automatic\u0103 \u0219i Calculatoare\"},\"image\":{\"@id\":\"https:\/\/ac.upt.ro\/#\/schema\/logo\/image\/\"}}]}<\/script>\n<!-- \/ Yoast SEO plugin. -->","yoast_head_json":{"title":"Mobilitati studen\u021be\u0219ti Erasmus - Facultatea de Automatic\u0103 \u0219i Calculatoare - Timi\u0219oara","robots":{"index":"index","follow":"follow","max-snippet":"max-snippet:-1","max-image-preview":"max-image-preview:large","max-video-preview":"max-video-preview:-1"},"canonical":"https:\/\/ac.upt.ro\/en\/anunturi\/mobilitati-studentesti-erasmus\/","og_locale":"en_GB","og_type":"article","og_title":"[:ro]Mobilitati studen\u021be\u0219ti Erasmus[:] - Facultatea de Automatic\u0103 \u0219i Calculatoare - Timi\u0219oara","og_description":"Dragi studen\u021bi, \u00cen curand va \u00eencepe campania de selec\u021bie pentru mobilit\u0103\u021bi studen\u021be\u0219ti Erasmus, pentru anul academic 2022-2023, semestrul I si [&hellip;]","og_url":"https:\/\/ac.upt.ro\/en\/anunturi\/mobilitati-studentesti-erasmus\/","og_site_name":"Facultatea de Automatic\u0103 \u0219i Calculatoare - Timi\u0219oara","article_modified_time":"2022-01-11T07:12:13+00:00","og_image":[{"url":"https:\/\/ac.upt.ro\/wp-content\/uploads\/2022\/01\/Afis-webinar-300x251.jpg","type":"","width":"","height":""}],"twitter_card":"summary_large_image","twitter_misc":{"Estimated reading time":"1 minute"},"schema":{"@context":"https:\/\/schema.org","@graph":[{"@type":"WebPage","@id":"https:\/\/ac.upt.ro\/anunturi\/mobilitati-studentesti-erasmus\/","url":"https:\/\/ac.upt.ro\/anunturi\/mobilitati-studentesti-erasmus\/","name":"Mobilitati studen\u021be\u0219ti Erasmus","isPartOf":{"@id":"https:\/\/ac.upt.ro\/#website"},"primaryImageOfPage":{"@id":"https:\/\/ac.upt.ro\/anunturi\/mobilitati-studentesti-erasmus\/#primaryimage"},"image":{"@id":"https:\/\/ac.upt.ro\/anunturi\/mobilitati-studentesti-erasmus\/#primaryimage"},"thumbnailUrl":"https:\/\/ac.upt.ro\/wp-content\/uploads\/2022\/01\/Afis-webinar-300x251.jpg","datePublished":"2022-01-11T07:11:51+00:00","dateModified":"2022-01-11T07:12:13+00:00","breadcrumb":{"@id":"https:\/\/ac.upt.ro\/anunturi\/mobilitati-studentesti-erasmus\/#breadcrumb"},"inLanguage":"en-GB","potentialAction":[{"@type":"ReadAction","target":["https:\/\/ac.upt.ro\/anunturi\/mobilitati-studentesti-erasmus\/"]}]},{"@type":"ImageObject","inLanguage":"en-GB","@id":"https:\/\/ac.upt.ro\/anunturi\/mobilitati-studentesti-erasmus\/#primaryimage","url":"https:\/\/ac.upt.ro\/wp-content\/uploads\/2022\/01\/Afis-webinar-300x251.jpg","contentUrl":"https:\/\/ac.upt.ro\/wp-content\/uploads\/2022\/01\/Afis-webinar-300x251.jpg"},{"@type":"BreadcrumbList","@id":"https:\/\/ac.upt.ro\/anunturi\/mobilitati-studentesti-erasmus\/#breadcrumb","itemListElement":[{"@type":"ListItem","position":1,"name":"Home","item":"https:\/\/ac.upt.ro\/"},{"@type":"ListItem","position":2,"name":"Anun\u021buri","item":"https:\/\/ac.upt.ro\/anunturi\/"},{"@type":"ListItem","position":3,"name":"Mobilitati studen\u021be\u0219ti Erasmus"}]},{"@type":"WebSite","@id":"https:\/\/ac.upt.ro\/#website","url":"https:\/\/ac.upt.ro\/","name":"Facultatea de Automatic\u0103 \u0219i Calculatoare - Timi\u0219oara","description":"Preg\u0103tirea inginerilor IT cu \u00eenalt\u0103 calificare, cu cuno\u0219tin\u021be \u0219i abilit\u0103\u021bi de automatic\u0103, software \u0219i hardware.","publisher":{"@id":"https:\/\/ac.upt.ro\/#organization"},"potentialAction":[{"@type":"SearchAction","target":{"@type":"EntryPoint","urlTemplate":"https:\/\/ac.upt.ro\/?s={search_term_string}"},"query-input":{"@type":"PropertyValueSpecification","valueRequired":true,"valueName":"search_term_string"}}],"inLanguage":"en-GB"},{"@type":"Organization","@id":"https:\/\/ac.upt.ro\/#organization","name":"Facultatea de Automatic\u0103 \u0219i Calculatoare","url":"https:\/\/ac.upt.ro\/","logo":{"@type":"ImageObject","inLanguage":"en-GB","@id":"https:\/\/ac.upt.ro\/#\/schema\/logo\/image\/","url":"https:\/\/ac.upt.ro\/wp-content\/uploads\/2021\/02\/AC-Text.png","contentUrl":"https:\/\/ac.upt.ro\/wp-content\/uploads\/2021\/02\/AC-Text.png","width":400,"height":98,"caption":"Facultatea de Automatic\u0103 \u0219i Calculatoare"},"image":{"@id":"https:\/\/ac.upt.ro\/#\/schema\/logo\/image\/"}}]}},"_links":{"self":[{"href":"https:\/\/ac.upt.ro\/en\/wp-json\/wp\/v2\/ac-anunturi\/3244","targetHints":{"allow":["GET"]}}],"collection":[{"href":"https:\/\/ac.upt.ro\/en\/wp-json\/wp\/v2\/ac-anunturi"}],"about":[{"href":"https:\/\/ac.upt.ro\/en\/wp-json\/wp\/v2\/types\/ac-anunturi"}],"wp:attachment":[{"href":"https:\/\/ac.upt.ro\/en\/wp-json\/wp\/v2\/media?parent=3244"}],"curies":[{"name":"wp","href":"https:\/\/api.w.org\/{rel}","templated":true}]}}

Mobilitati studențești Erasmus

<p><img loading="lazy" decoding="async" class=" wp-image-3245 alignleft" src="https://ac.upt.ro/wp-content/uploads/2022/01/Afis-webinar-300x251.jpg" alt="" width="396" height="331" srcset="https://ac.upt.ro/wp-content/uploads/2022/01/Afis-webinar-300x251.jpg 300w, https://ac.upt.ro/wp-content/uploads/2022/01/Afis-webinar-768x644.jpg 768w, https://ac.upt.ro/wp-content/uploads/2022/01/Afis-webinar.jpg 940w" sizes="auto, (max-width: 396px) 100vw, 396px" /></p>
<p>Dragi studenți,</p>
<div>
<p>În curand va începe campania de selecție pentru mobilități studențești Erasmus, pentru anul academic 2022-2023, semestrul I si II (<b>07.02.2022-28.02.2022)</b>.</p>
</div>
<div>
<p>Informații despre aceste mobilități veți primi în cadrul <b>webinarului din data de 13 ianuarie 2022, ora 17</b>, la care vă invităm să participați.</p>
</div>
<div>
<p>Pentru a participa, trebuie să vă înregistrați în prealabil urmând acest link: <a href="http://xttpw.mjt.lu/lnk/AMUAALqNXo8AAAAAAAAAAAF8zhsAAAAAYZ8AAAAAABK_xABh3DdPMPpX2VcwSY6w0R_AdhTl1wASuG8/7/f52lSwTB_rQP-0EbGQoqYA/aHR0cHM6Ly91cHQtcm8uem9vbS51cy9tZWV0aW5nL3JlZ2lzdGVyL3RKSXFjLWlocHpJb0U5VXdkZ3VaQ1dyaXhSUEJMMk1pdXdfQQ" target="_blank" rel="noreferrer noopener">https://upt-ro.zoom.us/meeting/register/tJIqc-ihpzIoE9UwdguZCWrixRPBL2Miuw_A</a></p>
</div>
<p>Informații suplimentare privind mobilitățile se găsesc și la următorul link: <a href="https://bit.ly/3HIC39T">https://bit.ly/3HIC39T</a></p>

<p>Dragi studenți, În curand va începe campania de selecție pentru mobilități studențești Erasmus, pentru anul academic 2022-2023, semestrul I si [&hellip;]</p>

<!-- This site is optimized with the Yoast SEO plugin v25.3.1 - https://yoast.com/wordpress/plugins/seo/ -->
<title>Mobilitati studențești Erasmus - Facultatea de Automatică și Calculatoare - Timișoara</title>
<meta name="robots" content="index, follow, max-snippet:-1, max-image-preview:large, max-video-preview:-1" />
<link rel="canonical" href="https://ac.upt.ro/en/anunturi/mobilitati-studentesti-erasmus/" />
<meta property="og:locale" content="en_GB" />
<meta property="og:locale:alternate" content="ro_RO" />
<meta property="og:type" content="article" />
<meta property="og:title" content="Mobilitati studențești Erasmus" />
<meta property="og:description" content="Dragi studenți, În curand va începe campania de selecție pentru mobilități studențești Erasmus, pentru anul academic 2022-2023, semestrul I si [&hellip;]" />
<meta property="og:url" content="https://ac.upt.ro/en/anunturi/mobilitati-studentesti-erasmus/" />
<meta property="og:site_name" content="Facultatea de Automatică și Calculatoare - Timișoara" />
<meta property="article:modified_time" content="2022-01-11T07:12:13+00:00" />
<meta property="og:image" content="https://ac.upt.ro/wp-content/uploads/2022/01/Afis-webinar-300x251.jpg" />
<meta name="twitter:card" content="summary_large_image" />
<meta name="twitter:label1" content="Estimated reading time" />
	<meta name="twitter:data1" content="1 minute" />
<script type="application/ld+json" class="yoast-schema-graph">{"@context":"https://schema.org","@graph":[{"@type":"WebPage","@id":"https://ac.upt.ro/anunturi/mobilitati-studentesti-erasmus/","url":"https://ac.upt.ro/anunturi/mobilitati-studentesti-erasmus/","name":"Mobilitati studențești Erasmus","isPartOf":{"@id":"https://ac.upt.ro/#website"},"primaryImageOfPage":{"@id":"https://ac.upt.ro/anunturi/mobilitati-studentesti-erasmus/#primaryimage"},"image":{"@id":"https://ac.upt.ro/anunturi/mobilitati-studentesti-erasmus/#primaryimage"},"thumbnailUrl":"https://ac.upt.ro/wp-content/uploads/2022/01/Afis-webinar-300x251.jpg","datePublished":"2022-01-11T07:11:51+00:00","dateModified":"2022-01-11T07:12:13+00:00","breadcrumb":{"@id":"https://ac.upt.ro/anunturi/mobilitati-studentesti-erasmus/#breadcrumb"},"inLanguage":"en-GB","potentialAction":[{"@type":"ReadAction","target":["https://ac.upt.ro/anunturi/mobilitati-studentesti-erasmus/"]}]},{"@type":"ImageObject","inLanguage":"en-GB","@id":"https://ac.upt.ro/anunturi/mobilitati-studentesti-erasmus/#primaryimage","url":"https://ac.upt.ro/wp-content/uploads/2022/01/Afis-webinar-300x251.jpg","contentUrl":"https://ac.upt.ro/wp-content/uploads/2022/01/Afis-webinar-300x251.jpg"},{"@type":"BreadcrumbList","@id":"https://ac.upt.ro/anunturi/mobilitati-studentesti-erasmus/#breadcrumb","itemListElement":[{"@type":"ListItem","position":1,"name":"Home","item":"https://ac.upt.ro/"},{"@type":"ListItem","position":2,"name":"Anunțuri","item":"https://ac.upt.ro/anunturi/"},{"@type":"ListItem","position":3,"name":"Mobilitati studențești Erasmus"}]},{"@type":"WebSite","@id":"https://ac.upt.ro/#website","url":"https://ac.upt.ro/","name":"Facultatea de Automatică și Calculatoare - Timișoara","description":"Pregătirea inginerilor IT cu înaltă calificare, cu cunoștințe și abilități de automatică, software și hardware.","publisher":{"@id":"https://ac.upt.ro/#organization"},"potentialAction":[{"@type":"SearchAction","target":{"@type":"EntryPoint","urlTemplate":"https://ac.upt.ro/?s={search_term_string}"},"query-input":{"@type":"PropertyValueSpecification","valueRequired":true,"valueName":"search_term_string"}}],"inLanguage":"en-GB"},{"@type":"Organization","@id":"https://ac.upt.ro/#organization","name":"Facultatea de Automatică și Calculatoare","url":"https://ac.upt.ro/","logo":{"@type":"ImageObject","inLanguage":"en-GB","@id":"https://ac.upt.ro/#/schema/logo/image/","url":"https://ac.upt.ro/wp-content/uploads/2021/02/AC-Text.png","contentUrl":"https://ac.upt.ro/wp-content/uploads/2021/02/AC-Text.png","width":400,"height":98,"caption":"Facultatea de Automatică și Calculatoare"},"image":{"@id":"https://ac.upt.ro/#/schema/logo/image/"}}]}</script>
<!-- / Yoast SEO plugin. -->

Mobilitati studențești Erasmus - Facultatea de Automatică și Calculatoare - Timișoara

[:ro]Mobilitati studențești Erasmus[:] - Facultatea de Automatică și Calculatoare - Timișoara

Dragi studenți, În curand va începe campania de selecție pentru mobilități studențești Erasmus, pentru anul academic 2022-2023, semestrul I si [&hellip;]

Facultatea de Automatică și Calculatoare - Timișoara

Anunțuri

Pregătirea inginerilor IT cu înaltă calificare, cu cunoștințe și abilități de automatică, software și hardware.

Facultatea de Automatică și Calculatoare
